{"id":1364,"date":"2021-09-28T20:59:19","date_gmt":"2021-09-28T20:59:19","guid":{"rendered":"http:\/\/nathanghali.com\/?page_id=1364"},"modified":"2025-10-21T10:17:05","modified_gmt":"2025-10-21T10:17:05","slug":"bio","status":"publish","type":"page","link":"http:\/\/nathanghali.com\/en\/bio\/","title":{"rendered":"bio"},"content":{"rendered":"<div data-elementor-type=\"wp-page\" data-elementor-id=\"1364\" class=\"elementor elementor-1364\">\n\t\t\t\t\t\t<section class=\"elementor-section elementor-top-section elementor-element elementor-element-e7f5099 elementor-section-boxed elementor-section-height-default elementor-section-height-default\" data-id=\"e7f5099\" data-element_type=\"section\">\n\t\t\t\t\t\t<div class=\"elementor-container elementor-column-gap-default\">\n\t\t\t\t\t<div class=\"elementor-column elementor-col-100 elementor-top-column elementor-element elementor-element-1a40236\" data-id=\"1a40236\" data-element_type=\"column\">\n\t\t\t<div class=\"elementor-widget-wrap elementor-element-populated\">\n\t\t\t\t\t\t<div class=\"elementor-element elementor-element-46780b5 elementor-widget elementor-widget-text-editor\" data-id=\"46780b5\" data-element_type=\"widget\" data-widget_type=\"text-editor.default\">\n\t\t\t\t<div class=\"elementor-widget-container\">\n\t\t\t\t\t\t\t<p>N\u00e9 en 1998, Nathan Ghali vit et travaille en r\u00e9gion parisienne.<\/p>\n<p><\/p>\n<p>Apr\u00e8s un BTS Audiovisuel Image et une ann\u00e9e de licence arts plastiques \u00e0 la Sorbonne, il int\u00e8gre en 2021 l&rsquo;\u00e9cole des Beaux-Arts de Paris et de Cergy.<\/p>\n<p><\/p>\n<p>Sa pratique artistique s\u2019articule principalement autour de trois m\u00e9diums : la vid\u00e9o, la photographie et la 3D. Amoureux de l&rsquo;image, il donne une grande importance \u00e0 la qualit\u00e9 esth\u00e9tique de ses projets.<\/p>\n<p>Il aborde des th\u00e8mes personnels dans ses projets, comme ses souvenirs d\u2019enfance, ses relations. Il malaxe toutes ces exp\u00e9riences, ces moments de joie et de peine se m\u00e9langent dans ses projets.<\/p>\n<p><\/p>\n<p><span style=\"font-size: 12pt;\"><em>\u00ab\u00a0Nathan travaille l\u2019image et ses pens\u00e9es. Il travaille sur son ordinateur et le fait chauffer toute la journ\u00e9e.<\/em><\/span><br><span style=\"font-size: 12pt;\"><em>Nathan est un artiste dans le partage.<\/em><\/span><\/p>\n<p><span style=\"font-size: 12pt;\"><em>Malgr\u00e9 son \u00e9cran, il habite la pi\u00e8ce et diffuse son \u00e9nergie au-del\u00e0 du fauteuil.<\/em><\/span><br><span style=\"font-size: 12pt;\"><em>Face \u00e0 la fen\u00eatre de l\u2019atelier, il glisse du r\u00e9el au num\u00e9rique et de son \u00e9cran au r\u00e9el.<\/em><\/span><br><span style=\"font-size: 12pt;\"><em>En utilisant son cam\u00e9scope, il filme ce qu\u2019il voit ici.<\/em><\/span><\/p>\n<p><span style=\"font-size: 12pt;\"><em>Avec son regard, il \u00e9crit un r\u00e9cit \u00e0 la mani\u00e8re d\u2019un film. Sa cr\u00e9ation perturbe ses pens\u00e9es, il fa\u00e7onne ce qu\u2019il voit pour le rendre impalpable. Ses cr\u00e9ations sont volontairement conformistes, proches du malaise.<\/em><\/span><br><span style=\"font-size: 12pt;\"><em>Il utilise la 3D pour rentrer dans un autre r\u00e9el, celui qu\u2019il invente.\u00a0\u00bb<\/em><\/span><\/p>\n<p><\/p>\n<p><span style=\"font-size: 12pt;\">Texte de Marie Fabre, cr\u00e9atrice de la r\u00e9sidence Court-Circuit \u00e0 laquelle j&rsquo;ai particip\u00e9 en 2021.<\/span><\/p>\t\t\t\t\t\t<\/div>\n\t\t\t\t<\/div>\n\t\t\t\t\t<\/div>\n\t\t<\/div>\n\t\t\t\t\t<\/div>\n\t\t<\/section>\n\t\t\t\t<section class=\"elementor-section elementor-top-section elementor-element elementor-element-362c662 elementor-section-boxed elementor-section-height-default elementor-section-height-default\" data-id=\"362c662\" data-element_type=\"section\">\n\t\t\t\t\t\t<div class=\"elementor-container elementor-column-gap-default\">\n\t\t\t\t\t<div class=\"elementor-column elementor-col-100 elementor-top-column elementor-element elementor-element-b3c0347\" data-id=\"b3c0347\" data-element_type=\"column\">\n\t\t\t<div class=\"elementor-widget-wrap elementor-element-populated\">\n\t\t\t\t\t\t<div class=\"elementor-element elementor-element-91a133e elementor-widget elementor-widget-spacer\" data-id=\"91a133e\" data-element_type=\"widget\" data-widget_type=\"spacer.default\">\n\t\t\t\t<div class=\"elementor-widget-container\">\n\t\t\t\t\t<div class=\"elementor-spacer\">\n\t\t\t<div class=\"elementor-spacer-inner\"><\/div>\n\t\t<\/div>\n\t\t\t\t<\/div>\n\t\t\t\t<\/div>\n\t\t\t\t\t<\/div>\n\t\t<\/div>\n\t\t\t\t\t<\/div>\n\t\t<\/section>\n\t\t\t\t<\/div>","protected":false},"excerpt":{"rendered":"<p>N\u00e9 en 1998, Nathan Ghali vit et travaille en r\u00e9gion parisienne. Apr\u00e8s un BTS Audiovisuel [&hellip;]<\/p>","protected":false},"author":1,"featured_media":0,"parent":0,"menu_order":0,"comment_status":"closed","ping_status":"closed","template":"elementor_theme","meta":[],"_links":{"self":[{"href":"http:\/\/nathanghali.com\/en\/wp-json\/wp\/v2\/pages\/1364"}],"collection":[{"href":"http:\/\/nathanghali.com\/en\/wp-json\/wp\/v2\/pages"}],"about":[{"href":"http:\/\/nathanghali.com\/en\/wp-json\/wp\/v2\/types\/page"}],"author":[{"embeddable":true,"href":"http:\/\/nathanghali.com\/en\/wp-json\/wp\/v2\/users\/1"}],"replies":[{"embeddable":true,"href":"http:\/\/nathanghali.com\/en\/wp-json\/wp\/v2\/comments?post=1364"}],"version-history":[{"count":14,"href":"http:\/\/nathanghali.com\/en\/wp-json\/wp\/v2\/pages\/1364\/revisions"}],"predecessor-version":[{"id":2268,"href":"http:\/\/nathanghali.com\/en\/wp-json\/wp\/v2\/pages\/1364\/revisions\/2268"}],"wp:attachment":[{"href":"http:\/\/nathanghali.com\/en\/wp-json\/wp\/v2\/media?parent=1364"}],"curies":[{"name":"wp","href":"https:\/\/api.w.org\/{rel}","templated":true}]}}

<div data-elementor-type="wp-page" data-elementor-id="1364" class="elementor elementor-1364">
						<section class="elementor-section elementor-top-section elementor-element elementor-element-e7f5099 elementor-section-boxed elementor-section-height-default elementor-section-height-default" data-id="e7f5099" data-element_type="section">
						<div class="elementor-container elementor-column-gap-default">
					<div class="elementor-column elementor-col-100 elementor-top-column elementor-element elementor-element-1a40236" data-id="1a40236" data-element_type="column">
			<div class="elementor-widget-wrap elementor-element-populated">
						<div class="elementor-element elementor-element-46780b5 elementor-widget elementor-widget-text-editor" data-id="46780b5" data-element_type="widget" data-widget_type="text-editor.default">
				<div class="elementor-widget-container">
							<p>Né en 1998, Nathan Ghali vit et travaille en région parisienne.</p>
<p></p>
<p>Après un BTS Audiovisuel Image et une année de licence arts plastiques à la Sorbonne, il intègre en 2021 l&rsquo;école des Beaux-Arts de Paris et de Cergy.</p>
<p></p>
<p>Sa pratique artistique s’articule principalement autour de trois médiums : la vidéo, la photographie et la 3D. Amoureux de l&rsquo;image, il donne une grande importance à la qualité esthétique de ses projets.</p>
<p>Il aborde des thèmes personnels dans ses projets, comme ses souvenirs d’enfance, ses relations. Il malaxe toutes ces expériences, ces moments de joie et de peine se mélangent dans ses projets.</p>
<p></p>
<p><span style="font-size: 12pt;"><em>« Nathan travaille l’image et ses pensées. Il travaille sur son ordinateur et le fait chauffer toute la journée.</em></span><br><span style="font-size: 12pt;"><em>Nathan est un artiste dans le partage.</em></span></p>
<p><span style="font-size: 12pt;"><em>Malgré son écran, il habite la pièce et diffuse son énergie au-delà du fauteuil.</em></span><br><span style="font-size: 12pt;"><em>Face à la fenêtre de l’atelier, il glisse du réel au numérique et de son écran au réel.</em></span><br><span style="font-size: 12pt;"><em>En utilisant son caméscope, il filme ce qu’il voit ici.</em></span></p>
<p><span style="font-size: 12pt;"><em>Avec son regard, il écrit un récit à la manière d’un film. Sa création perturbe ses pensées, il façonne ce qu’il voit pour le rendre impalpable. Ses créations sont volontairement conformistes, proches du malaise.</em></span><br><span style="font-size: 12pt;"><em>Il utilise la 3D pour rentrer dans un autre réel, celui qu’il invente. »</em></span></p>
<p></p>
<p><span style="font-size: 12pt;">Texte de Marie Fabre, créatrice de la résidence Court-Circuit à laquelle j&rsquo;ai participé en 2021.</span></p>						</div>
				</div>
					</div>
		</div>
					</div>
		</section>
				<section class="elementor-section elementor-top-section elementor-element elementor-element-362c662 elementor-section-boxed elementor-section-height-default elementor-section-height-default" data-id="362c662" data-element_type="section">
						<div class="elementor-container elementor-column-gap-default">
					<div class="elementor-column elementor-col-100 elementor-top-column elementor-element elementor-element-b3c0347" data-id="b3c0347" data-element_type="column">
			<div class="elementor-widget-wrap elementor-element-populated">
						<div class="elementor-element elementor-element-91a133e elementor-widget elementor-widget-spacer" data-id="91a133e" data-element_type="widget" data-widget_type="spacer.default">
				<div class="elementor-widget-container">
					<div class="elementor-spacer">
			<div class="elementor-spacer-inner"></div>
		</div>
				</div>
				</div>
					</div>
		</div>
					</div>
		</section>
				</div>

<p>Né en 1998, Nathan Ghali vit et travaille en région parisienne. Après un BTS Audiovisuel [&hellip;]</p>
